s -52 + -1043423?
-1043515
In base 9, what is 552 - -66?
628
In base 7, what is 411340 + 50?
411420
In base 14, what is -12db - -4?
-12d7
In base 10, what is -994 - 1281?
-2275
In base 2, what is -1110100001000000 + -111?
-1110100001000111
In base 9, what is 31 + -6361?
-6330
In base 15, what is -2cc2 + 2?
-2cc0
In base 14, what is 3d + d6?
135
In base 4, what is -2113203000 - -20?
-2113202320
In base 16, what is 5 + 31ebe?
31ec3
In base 15, what is -8 + -36e58?
-36e61
In base 5, what is -23103 + 20411?
-2142
In base 2, what is -11001110 - -11100101?
10111
In base 6, what is 15020 + -10?
15010
In base 14, what is 3b6 - 4d6?
-120
In base 4, what is 222 + 103131?
110013
In base 10, what is -1137479 + 5?
-1137474
In base 9, what is 8 - -7061?
7070
In base 2, what is -10110001011 - 110011100?
-11100100111
In base 10, what is 35202 - -6?
35208
In base 14, what is 7c8 + 12?
7da
In base 4, what is 1200333 + 10313?
1211312
In base 15, what is -44e - 2?
-451
In base 16, what is 665 - 10?
655
In base 12, what is b + -42538?
-42529
In base 16, what is 7f + -22e?
-1af
In base 10, what is -1609 - 50?
-1659
In base 16, what is ac47 + -1?
ac46
In base 2, what is 111001011010011 + 100?
111001011010111
In base 5, what is -130 + 302312?
302132
In base 10, what is -3829 - 102?
-3931
In base 16, what is c2b - -1?
c2c
In base 10, what is -1 + -2418?
-2419
In base 15, what is -5 + 3e51?
3e4b
In base 8, what is -15 - 1004133?
-1004150
In base 14, what is 178 - -7a?
214
In base 14, what is 183 - -1832?
19b5
In base 6, what is -1210322 - 10?
-1210332
In base 3, what is -1 + -111212111?
-111212112
In base 4, what is -2 + 1312133330?
1312133322
In base 6, what is 2104505 - 4?
2104501
In base 11, what is 15a + 10?
16a
In base 2, what is 10001 - 1111001110101101?
-1111001110011100
In base 5, what is 30124402 - -2?
30124404
In base 10, what is 252447 + -3?
252444
In base 3, what is 2201 - 12100?
-2122
In base 14, what is 5 - -b59d?
b5a4
In base 5, what is -20302210 + -1?
-20302211
In base 14, what is -4ab9 + -19?
-4ad4
In base 15, what is -b - -15d9?
15cd
In base 3, what is -11010222 - 2?
-11011001
In base 2, what is -11110 + 10001001111?
10000110001
In base 12, what is 1147 + 8?
1153
In base 14, what is 1 + 340d?
3410
In base 11, what is 18200 + -59?
18152
In base 7, what is -5 - 455133?
-455141
In base 16, what is 6ddc - c?
6dd0
In base 9, what is 0 - 260524?
-260524
In base 11, what is 8a08 - -1a?
8a27
In base 14, what is 2 + -42b7?
-42b5
In base 8, what is -33 - -713?
660
In base 11, what is 0 - -2268?
2268
In base 8, what is 26225 + -2?
26223
In base 8, what is -603202 + 46?
-603134
In base 12, what is -3a + 224?
1a6
In base 16, what is -2c + -b13e?
-b16a
In base 16, what is 3 - d1891?
-d188e
In base 14, what is 5 - -107a36?
107a3b
In base 7, what is 51 - 323?
-242
In base 3, what is 2001 + -10021022?
-10012021
In base 13, what is 14c + -8b1?
-762
In base 12, what is 81 + -29b9?
-2938
In base 9, what is -31 + -27088?
-27130
In base 6, what is 3 - 4012415?
-4012412
In base 15, what is dec1d - 0?
dec1d
In base 14, what is -285d + 6?
-2857
In base 16, what is -1a8 - 5?
-1ad
In base 4, what is 1222332 - 3?
1222323
In base 16, what is -31b - -19?
-302
In base 12, what is 32040 - 1?
3203b
In base 2, what is -1000 + 1110010001?
1110001001
In base 7, what is 11 + 104614?
104625
In base 15, what is 3e + -a43?
-a04
In base 8, what is -73 - -352?
257
In base 15, what is -35e + -34?
-393
In base 3, what is -1110201200122 - -10?
-1110201200112
In base 13, what is 9 + 47a8?
47b4
In base 10, what is 120 + -102?
18
In base 5, what is 11012 - 12?
11000
In base 10, what is -512115 - 10?
-512125
In base 16, what is -924 - 12?
-936
In base 8, what is 4515215 + -1?
4515214
In base 2, what is -100 + -11101010001010001?
-11101010001010101
In base 9, what is 1642 - 277?
1354
In base 2, what is 111111010010000 + -1000100?
111111001001100
In base 5, what is -31114 - 22?
-31141
In base 6, what is 11253 - 25?
11224
In base 4, what is 1100330 - -313?
1101303
In base 3, what is -1 - -10121201000?
10121200222
In base 5, what is 341102412 + 2?
341102414
In base 3, what is 2011220121210 + 12?
2011220121222
In base 11, what is -6035 + 6?
-602a
In base 8, what is -2 + -21632?
-21634
In base 4, what is 3 - -1003131?
1003200
In base 7, what is 2 - 2305131?
-2305126
In base 2, what is -11000001101 - -111011110001?
100011100100
In base 3, what is 1020 + 10210020?
10211110
In base 15, what is -12 + -23675?
-23687
In base 9, what is 82 - 2170?
-2077
In base 6, what is -1032 - -3411?
2335
In base 11, what is -5186 + -55?
-5230
In base 8, what is 4 + -1420?
-1414
In base 8, what is 31347 + -33?
31314
In base 5, what is -1 + 3010031?
3010030
In base 5, what is 3220 + 104?
3324
In base 12, what is -7a + 2908?
284a
In base 15, what is -1 - -3210?
320e
In base 3, what is -2 - -1022201012?
1022201010
In base 8, what is 1762 + -4?
1756
In base 11, what is 393 - -78?
460
In base 9, what is -3 + 268825?
268822
In base 8, what is -1031 + -103?
-1134
In base 2, what is 101000110000 + -10000111?
100110101001
In base 10, what is 225 + -375?
-150
In base 12, what is b1748 - 3?
b1745
In base 2, what is 101010111 - -100111101?
1010010100
In base 12, what is 15a8 - -5?
15b1
In base 15, what is 8c + -c8c?
-c00
In base 10, what is 17 - -281?
298
In base 8, what is -6064 - -23?
-6041
In base 9, what is -1085 - -102?
-883
In base 8, what is -60325 + 4?
-60321
In base 5, what is -212 + -23443?
-24210
In base 14, what is -129 + 1ca?
a1
In base 11, what is -119 - 74?
-192
In base 16, what is -3 - b982?
-b985
In base 7, what is -406006 + -2?
-406011
In base 6, what is 12 - -22130?
22142
In base 12, what is 609727 - -4?
60972b
In base 14, what is 8d340 + 2?
8d342
In base 11, what is 132 + -7166?
-7034
In base 9, what is 13224 - -11?
13235
In base 16, what is -1e1 - 4d9?
-6ba
In base 4, what is 2220002323 + 2?
2220002331
In base 7, what is -13343 - -3?
-13340
In base 3, what is 102021011212 - -210?
102021012122
In base 3, what is -102222100 + 110200?
-102111200
In base 15, what is -1ce + 11a?
-b4
In base 14, what is 4 - 64593?
-6458d
In base 7, what is -2 - 565300?
-565302
In base 15, what is -401766 + 5?
-401761
In base 7, what is 325 + 154?
512
In base 11, what is 2548 - -322?
286a
In base 2, what is -1011110 - -1001101100001110?
1001101010110000
In base 16, what is 39 - 265?
-22c
In base 10, what is 2618 + 5?
2623
In base 12, what is 68 + -533?
-487
In base 9, what is -4 - 68584?
-68588
In base 7, what is 636 - -15?
654
In base 2, what is 10011 - -11010000111010?
11010001001101
In base 8, what is -1417 - 2164?
-3603
In base 5, what is -13434432 + 4?
-13434423
In base 7, what is 1313 + -12?
1301
In base 14, what is 1c1 - 3531?
-3350
In base 11, what is 115229 + -4?
115225
In base 12, what is 50 - -2a8?
338
In base 16, what is -a5b7d + -2?
-a5b7f
In base 5, what is 34 - 14230?
-14141
In base 12, what is -656 - 8b?
-725
In base 11, what is -10 + 3475?
3465
In base 2, what is 1101 + -10000111011?
-10000101110
In base 4, what is 1303 - 123210?
-121301
In base 9, what is 48 + -1110?
-1051
In base 7, what is -5034340 + -1?
-5034341
In base 3, what is -10 + 10112100110?
10112100100
In base 15, what is 3 + -4e8?
-4e5
In base 13, what is -35 + 72c?
6c7
In base 9, what is -5 + -160344?
-160350
In base 3, what is 1121201 + -20?
1121111
In base 12, what is -4 - 3474?
-3478
In base 12, what is -2a73 + 59?
-2a16
In base 6, what is -3 + 54530?
54523
In base 8, what is 11 - -4677?
4710
In base 6, what is -333310 - 3?
-333313
In base 6, what is -1 - -12401420?
12401415
In base 15, what is 3 - 825c?
-8259
In base 10, what is -260895 - -2?
-260893
In base 11, what is 7531 - 5?
7527
In base 13, what is -6b + 3c0?
352
In base 6, what is -5211 + 3424?
-1343
In base 6, what is 111 + -13135?
-13024
In base 3, what is -21 + 2111111220?
2111111122
In base 16, what is 0 + -98d8?
-98d8
In base 4, what is 100 - 13121?
-13021
In base 8, what is 5 - -645?
652
In base 10, what is -6 - -11333?
11327
In base 12, what is -1 + -35854?
-35855
In base 12, what is a - -4701?
470b
In base 3, what is -1222102102000 + -10?
-1222102102010
In base 12, what is -2 + -2507b?
-25081
In base 14, what is 18 - -4a?
64
In base 10, what is 147690 - -2?
147692
In base 6, what is 14